e 0*z - 5*c - 18 = z, -3*c - 6 = -z. Let r(i) = 7*i - 2. Let l be r(z). Let d = 2 - l. What are the prime factors of d?
5
Suppose 7995 - 1083 = 4*l. Suppose -2*a + l = 6*a. List the prime factors of a.
2, 3
Let q = -37 - -37. Suppose -d - 2*d + 48 = q. What are the prime factors of d?
2
Let f(i) = 30*i - 2. Let w be f(-5). Let k = w - -214. List the prime factors of k.
2, 31
What are the prime factors of (-6 + 62)/1*23?
2, 7, 23
Let q(s) = s**3 + s - 4. Let u be q(2). Let x = u + 14. Suppose n + 5*b - x = 0, -3*b + 180 = 5*n + 2*b. List the prime factors of n.
2, 5
Let c(v) = 2*v**3 + 2*v**2 - v - 25. List the prime factors of c(10).
5, 433
Let q = -108 - -62. List the prime factors of q/(((-3)/12)/(0 + 1)).
2, 23
Let f(q) = -6 + 3*q**2 + 71*q - 40*q - 36*q. List the prime factors of f(-4).
2, 31
Suppose 5*x = -5*b + 775, -4*x = -3*x - 4*b - 155. What are the prime factors of x?
5, 31
Let m = 12 - 12. Suppose y + 5*b - 6 = 3*y, m = 4*y + 5*b + 42. What are the prime factors of ((-2)/(-6))/(y/(-192))?
2
Let c = 159 + -33. Let x = c - 86. What are the prime factors of x?
2, 5
Let r be (-2)/(-5) - 18/45. Suppose -5*t - g + 227 = 0, 4*t - 2*t + 4*g - 80 = r. Suppose -3*w = -t + 7. What are the prime factors of w?
13
Suppose -h = 3*w + 8, 3*h + w = 4*w + 24. Let z be (1 - h) + (-25)/25. What are the prime factors of 6/z*196/(-6)?
7
Let q(a) = -a**2 + 6*a - 10. Let c be q(5). Suppose 2*p - 9 - 5 = 0. List the prime factors of p - 2*(c + 3).
11
Suppose -15*g = -8*g + 413. Let a = -9 - g. What are the prime factors of a?
2, 5
Suppose -3*n + 5*f + 11 = 0, -4*n = -2*n - 2*f - 10. Suppose -2*r = -3*h - 89, -3*r + 2*h + 162 = n*h. What are the prime factors of r?
7
Let m be 120/(-12)*(-2)/4. Suppose -s = -z - 40, -2*s + m*s + 4*z = 113. What are the prime factors of s?
3, 13
Suppose -2*t + 4*m = -5*t - 144, 5*m = -t - 48. What are the prime factors of ((-2)/(t/42))/(2/152)?
7, 19
List the prime factors of (1236/(-16))/((-15)/220).
11, 103
Suppose -77*c = -109663 - 43259. What are the prime factors of c?
2, 3, 331
Let k(w) = -401*w - 93. List the prime factors of k(-7).
2, 23, 59
Suppose 0*v = -3*v + 6. Let z(t) = 2*t**2 + 14*t - t**v - 8*t - 4*t - 2. List the prime factors of z(3).
13
Let z(o) = -o**2 - 6*o + 2. Let j be 4/2 - (-16)/(-8). Suppose -m - 1 - 4 = j. What are the prime factors of z(m)?
7
What are the prime factors of ((-193)/2)/(3/6 + -1)?
193
Let c(n) = n - 16. Let z be c(14). Let t be z/6*2*-27. Let b = t - 12. List the prime factors of b.
2, 3
Let k be 6*4 + 6/3. Let x be (k/(-4))/((-4)/8). Suppose -x = -s - 2*i - i, -31 = -3*s - 5*i. List the prime factors of s.
7
Suppose 0 = -0*k - k. Suppose 2*j + k*j = 90. Let u = 66 - j. List the prime factors of u.
3, 7
Suppose -k - 177 = 2*b, 0*k + 3 = -3*k. Let t = -56 - b. List the prime factors of t.
2
Let o = 616 + -527. What are the prime factors of o?
89
Suppose -3*t = -281 - 28. What are the prime factors of t?
103
Suppose -w - 1 = m + 9, 15 = 2*m - 5*w. Let u(t) = -t - 1. Let k(b) = 42*b + 5. Let v(s) = m*u(s) - k(s). What are the prime factors of v(-1)?
37
Let g(r) = r**3 + 15*r**2 + 2*r + 18. Let o be g(-15). What are the prime factors of o/18 + (-74)/(-3)?
2, 3
List the prime factors of (244 - 5)*7/(49/14).
2, 239
Suppose 0 = -38*y + 84227 - 1577. What are the prime factors of y?
3, 5, 29
Suppose -7*w + 13*w - 2046 = 0. List the prime factors of w.
11, 31
Suppose -45*a = -16*a - 2929. List the prime factors of a.
101
Suppose 6*c - 4*c = -5*u + 322, -u = 4*c - 680. List the prime factors of c.
3, 19
Suppose -2*i = -2*b - 1 - 63, 0 = 4*i + 2*b - 104. Let x = -22 + i. What are the prime factors of x?
2, 3
Let y be (-2)/(-5) + 2192/(-80). What are the prime factors of 9/y + 43/3?
2, 7
Suppose 0 = 10*w - 7*w - 72. Suppose 0 = b - w - 89. What are the prime factors of b?
113
Suppose 17*u - 1423 = 974. List the prime factors of u.
3, 47
Let k(f) = -5*f - 2. Let a(z) = -z**2 + 7*z + 3. Let p be a(7). Suppose -5*l + p = 18. What are the prime factors of k(l)?
13
Suppose 43*r - 50*r + 105 = 0. Suppose r*s = 695 + 3925. List the prime factors of s.
2, 7, 11
Let b(d) = -4*d**3 - 23*d**2 + 61*d + 5. Let o(r) = -12*r - 2 - 3*r + r**3 + 0 + 6*r**2 + 1. Let p(h) = 2*b(h) + 9*o(h). What are the prime factors of p(-9)?
37
Let h = -175 + 581. List the prime factors of h.
2, 7, 29
Suppose 0 = 8*k - 11*k + 348. Let d = k - 43. List the prime factors of d.
73
Let m = -1077 + 1511. List the prime factors of m.
2, 7, 31
Let c = 1163 + 2795. List the prime factors of c.
2, 1979
Let l(y) = 29*y - 5. Let a be l(-3). Let i = a + 170. List the prime factors of i.
2, 3, 13
Suppose 4*l + 524 = -2*k, 2*k + k + 786 = -4*l. Let b = -154 - k. List the prime factors of b.
2, 3
Let d be 24/56 - ((-73)/(-7))/1. Let y(j) = -16*j + 7. List the prime factors of y(d).
167
Let r(o) = -416*o - 23. What are the prime factors of r(-3)?
5, 7
What are the prime factors of (100/(-8))/5*76980/(-75)?
2, 1283
Let f be 3/(-7) - (-740)/28. Let m be 22/143 - 20362/f. What are the prime factors of (-8)/(-3)*m/(-36)?
2, 29
Let w be -3 - 0 - 0 - -55. Suppose 0 = v + v - w. List the prime factors of v/6*(-2 + 5).
13
Let y = -23 - -20. List the prime factors of 209*(-1 + (y - -5)).
11, 19
Let c(t) = 5 + 25 - 52*t - 8 + 15. What are the prime factors of c(-4)?
5, 7
Let o(x) = -x**2 + 15*x - 10. Let r be o(14). Suppose r*i = -13 - 7. What are the prime factors of (i/(-2))/(3/12)?
2, 5
Let u be 10*(-2)/(-4) - 2. Suppose -f = -5*y + 20, 34 = -5*f - 0*y + u*y. List the prime factors of 3/(((-10)/8)/f).
2, 3
Suppose 5*s + 6*s = 33. Suppose 484 = s*b - z, -5*z = -b - 10*z + 172. List the prime factors of b.
2, 3
Let u(d) = 3*d**2 - 7*d + 5. Let s be u(-8). Suppose -5*i = 2*q - 0*q - 167, -3*q + s = 5*i. List the prime factors of q.
2, 43
Suppose 0 = 17*y - 12*y - 140. Suppose -8*m = -10*m + y. List the prime factors of m.
2, 7
Let m = -303 - -308. Let k(o) = -3*o**2 - 18*o + 22. Let u(i) = i**2 + 9*i - 11. Let f(x) = -4*k(x) - 9*u(x). List the prime factors of f(m).
41
Let s(k) = 2*k**3 - 12*k**2 + 15*k - 12. What are the prime factors of s(7)?
191
Suppose -3*b - 3*x + 78 = 0, -4*b - 5*x + 98 = -4*x. Suppose -2*n = -84 - b. List the prime factors of n.
2, 3
Let o be (-2)/8 + 27/12. Let b = -12 + o. List the prime factors of (10/(-4))/(5/b).
5
Suppose 0 = j + 3*k - 638, j - 4*k = -8*k + 637. What are the prime factors of j?
641
Suppose 0 = -14*r + 4444 + 3508. What are the prime factors of r?
2, 71
Let j(y) = -y**3 - 4*y**2 - 23*y - 8. List the prime factors of j(-10).
2, 3, 137
Let n = 29 - 15. Let f = n - 7. Let o = 13 + f. What are the prime factors of o?
2, 5
Suppose -4*r = -0*r - 20. Suppose -r*n = 5*u - 95, 3*n = n + 4*u + 8. List the prime factors of (-32)/28*n/(-4).
2
What are the prime factors of -6 - 254*5/(-10)?
11
Let d(z) = -2*z**3 - z**2 - 1. Let b be d(-2). Let y = -332 - -346. Suppose b*f = y*f - 120. List the prime factors of f.
2, 5
Let t(q) = 269*q + q**3 + 0*q**2 + 5*q**2 - 271*q + 13. List the prime factors of t(-5).
23
Let c be (-8832)/56 - 6/21. Let m = 48 - c. List the prime factors of m.
2, 103
Suppose 2*p = 4*w + 18, -4*p - w - 2*w = -14. Suppose -5*i - p*q = -10, i + 2*q - 6*q - 12 = 0. Suppose -i*y = -0*y - 52. What are the prime factors of y?
13
Let i(v) = 3 + 5*v**3 - 3*v + 3*v**3 - 3*v**3 - 3*v**2 - 4*v**2. List the prime factors of i(4).
199
Let g = -183 - -237. List the prime factors of g.
2, 3
Let h(g) = -g**3 + 5*g**2 - 4*g + 4. Let k be h(4). Suppose r = -k*j - 7, 7*j - 3*j = -16. Suppose r*v = 14*v - 60. What are the prime factors of v?
2, 3
Let z be -8*1*(-37)/2. What are the prime factors of 0 - (-4 + 3) - (-2 - z)?
151
Let z(y) = 2*y**3 - 14*y**2 + 2*y - 32. List the prime factors of z(10).
2, 3, 7
Suppose -5*f = -2554 + 759. Suppose 2*y - 6*y = 2*u - 482, 0 = -3*y - 4*u + f. What are the prime factors of y?
11
Let q(u) = u**2 - 10*u + 20. Let t be q(7). List the prime factors of ((8/(-6))/((-1)/(-204)))/t.
2, 17
Suppose 5*p = -4*i + 62 - 18, 2*p - 3*i = 13. Suppose 3*n - 20 = -p. List the prime factors of (-167 + 3)*(-1)/n.
41
Suppose 0 = 2*c - 7*c + 2*q + 1475, -4*q + 1180 = 4*c. Let j = c - 194. What are the prime factors of j?
101
Suppose 4*x = -0*x + 12. Suppose r + x*w - 140 = -3*r, -3*r - 2*w + 104 = 0. W